{"id":485,"date":"2021-02-11T16:44:33","date_gmt":"2021-02-11T15:44:33","guid":{"rendered":"https:\/\/www.balicenka.cz\/kilovka\/?post_type=product&#038;p=485"},"modified":"2025-02-07T16:51:11","modified_gmt":"2025-02-07T15:51:11","slug":"postovni-znamka-e","status":"publish","type":"product","link":"https:\/\/www.balicenka.cz\/kilovka\/produkt\/postovni-znamka-e\/","title":{"rendered":"Po\u0161tovn\u00ed zn\u00e1mka E"},"content":{"rendered":"<p>Po\u0161tovn\u00ed zn\u00e1mky &#8211; Po\u0161tovn\u00ed zn\u00e1mka E<\/p>\n<p>V\u00e1ha balen\u00ed brutto:\u00a0 1 g<\/p>\n","protected":false},"excerpt":{"rendered":"<p>Po\u0161tovn\u00ed zn\u00e1mky &#8211; Po\u0161tovn\u00ed zn\u00e1mka E V\u00e1ha balen\u00ed brutto:\u00a0 1 g<\/p>\n","protected":false},"featured_media":486,"comment_status":"open","ping_status":"closed","template":"","meta":{"_et_pb_use_builder":"","_et_pb_old_content":"","_et_gb_content_width":"","inline_featured_image":false},"product_brand":[],"product_cat":[20],"product_tag":[],"class_list":{"0":"post-485","1":"product","2":"type-product","3":"status-publish","4":"has-post-thumbnail","6":"product_cat-postovni-znamky","8":"first","9":"instock","10":"taxable","11":"shipping-taxable","12":"purchasable","13":"product-type-simple"},"_links":{"self":[{"href":"https:\/\/www.balicenka.cz\/kilovka\/wp-json\/wp\/v2\/product\/485","targetHints":{"allow":["GET"]}}],"collection":[{"href":"https:\/\/www.balicenka.cz\/kilovka\/wp-json\/wp\/v2\/product"}],"about":[{"href":"https:\/\/www.balicenka.cz\/kilovka\/wp-json\/wp\/v2\/types\/product"}],"replies":[{"embeddable":true,"href":"https:\/\/www.balicenka.cz\/kilovka\/wp-json\/wp\/v2\/comments?post=485"}],"wp:featuredmedia":[{"embeddable":true,"href":"https:\/\/www.balicenka.cz\/kilovka\/wp-json\/wp\/v2\/media\/486"}],"wp:attachment":[{"href":"https:\/\/www.balicenka.cz\/kilovka\/wp-json\/wp\/v2\/media?parent=485"}],"wp:term":[{"taxonomy":"product_brand","embeddable":true,"href":"https:\/\/www.balicenka.cz\/kilovka\/wp-json\/wp\/v2\/product_brand?post=485"},{"taxonomy":"product_cat","embeddable":true,"href":"https:\/\/www.balicenka.cz\/kilovka\/wp-json\/wp\/v2\/product_cat?post=485"},{"taxonomy":"product_tag","embeddable":true,"href":"https:\/\/www.balicenka.cz\/kilovka\/wp-json\/wp\/v2\/product_tag?post=485"}],"curies":[{"name":"wp","href":"https:\/\/api.w.org\/{rel}","templated":true}]}}